{"version":"1.0","provider_name":"Slauschek.Photography","provider_url":"https:\/\/slauschek.photography\/cms","author_name":"Harald Slauschek","author_url":"https:\/\/slauschek.photography\/cms\/author\/hshark\/","title":"ArtRestart Brunn - Kreativprojekt Kunst im \u00f6ffentlichen Raum - Slauschek.Photography","type":"rich","width":600,"height":338,"html":"<blockquote class=\"wp-embedded-content\" data-secret=\"qTEayUfxR0\"><a href=\"https:\/\/slauschek.photography\/cms\/artrestart-brunn-kreativprojekt-kunst-im-offentlichen-raum-8426\/\">ArtRestart Brunn &#8211; Kreativprojekt Kunst im \u00f6ffentlichen Raum<\/a><\/blockquote><iframe sandbox=\"allow-scripts\" security=\"restricted\" src=\"https:\/\/slauschek.photography\/cms\/artrestart-brunn-kreativprojekt-kunst-im-offentlichen-raum-8426\/embed\/#?secret=qTEayUfxR0\" width=\"600\" height=\"338\" title=\"&#8222;ArtRestart Brunn &#8211; Kreativprojekt Kunst im \u00f6ffentlichen Raum&#8220; &#8211; Slauschek.Photography\" data-secret=\"qTEayUfxR0\" frameborder=\"0\" marginwidth=\"0\" marginheight=\"0\" scrolling=\"no\" class=\"wp-embedded-content\"><\/iframe><script type=\"text\/javascript\">\n\/* <![CDATA[ *\/\n\/*! This file is auto-generated *\/\n!function(d,l){\"use strict\";l.querySelector&&d.addEventListener&&\"undefined\"!=typeof URL&&(d.wp=d.wp||{},d.wp.receiveEmbedMessage||(d.wp.receiveEmbedMessage=function(e){var t=e.data;if((t||t.secret||t.message||t.value)&&!\/[^a-zA-Z0-9]\/.test(t.secret)){for(var s,r,n,a=l.querySelectorAll('iframe[data-secret=\"'+t.secret+'\"]'),o=l.querySelectorAll('blockquote[data-secret=\"'+t.secret+'\"]'),c=new RegExp(\"^https?:$\",\"i\"),i=0;i<o.length;i++)o[i].style.display=\"none\";for(i=0;i<a.length;i++)s=a[i],e.source===s.contentWindow&&(s.removeAttribute(\"style\"),\"height\"===t.message?(1e3<(r=parseInt(t.value,10))?r=1e3:~~r<200&&(r=200),s.height=r):\"link\"===t.message&&(r=new URL(s.getAttribute(\"src\")),n=new URL(t.value),c.test(n.protocol))&&n.host===r.host&&l.activeElement===s&&(d.top.location.href=t.value))}},d.addEventListener(\"message\",d.wp.receiveEmbedMessage,!1),l.addEventListener(\"DOMContentLoaded\",function(){for(var e,t,s=l.querySelectorAll(\"iframe.wp-embedded-content\"),r=0;r<s.length;r++)(t=(e=s[r]).getAttribute(\"data-secret\"))||(t=Math.random().toString(36).substring(2,12),e.src+=\"#?secret=\"+t,e.setAttribute(\"data-secret\",t)),e.contentWindow.postMessage({message:\"ready\",secret:t},\"*\")},!1)))}(window,document);\n\/\/# sourceURL=https:\/\/slauschek.photography\/cms\/wp-includes\/js\/wp-embed.min.js\n\/* ]]> *\/\n<\/script>\n","thumbnail_url":"https:\/\/slauschek.photography\/cms\/wp-content\/uploads\/2021\/08\/PDBO7636.jpg","thumbnail_width":1500,"thumbnail_height":555,"description":"\"ArtRestart Brunn - Kreativprojekt Kunst im \u00f6ffentlichen Raum\" ist ein Projekt das Slauschek.Photography in Kooperation mit dem Kulturreferat der Marktgemeinde Brunn am Gebirge geplant und umgesetzt hat.Durch dieses Projekt soll ein deutlich sichtbares Zeichen f\u00fcr das Wiederaufleben der Kunst & Kultur gesetzt werden. Durch die Einschr\u00e4nkungen im Rahmen der SARS-CoV-2-Pandemie, war ja Kunst gar nicht bzw. nur extrem reduziert m\u00f6glich."}

ArtRestart Brunn - Kreativprojekt Kunst im öffentlichen Raum - Slauschek.Photography

<blockquote class="wp-embedded-content" data-secret="qTEayUfxR0"><a href="https://slauschek.photography/cms/artrestart-brunn-kreativprojekt-kunst-im-offentlichen-raum-8426/">ArtRestart Brunn &#8211; Kreativprojekt Kunst im öffentlichen Raum</a></blockquote><iframe sandbox="allow-scripts" security="restricted" src="https://slauschek.photography/cms/artrestart-brunn-kreativprojekt-kunst-im-offentlichen-raum-8426/embed/#?secret=qTEayUfxR0" width="600" height="338" title="&#8222;ArtRestart Brunn &#8211; Kreativprojekt Kunst im öffentlichen Raum&#8220; &#8211; Slauschek.Photography" data-secret="qTEayUfxR0" frameborder="0" marginwidth="0" marginheight="0" scrolling="no" class="wp-embedded-content"></iframe><script type="text/javascript">
/* <![CDATA[ */
/*! This file is auto-generated */
!function(d,l){"use strict";l.querySelector&&d.addEventListener&&"undefined"!=typeof URL&&(d.wp=d.wp||{},d.wp.receiveEmbedMessage||(d.wp.receiveEmbedMessage=function(e){var t=e.data;if((t||t.secret||t.message||t.value)&&!/[^a-zA-Z0-9]/.test(t.secret)){for(var s,r,n,a=l.querySelectorAll('iframe[data-secret="'+t.secret+'"]'),o=l.querySelectorAll('blockquote[data-secret="'+t.secret+'"]'),c=new RegExp("^https?:$","i"),i=0;i<o.length;i++)o[i].style.display="none";for(i=0;i<a.length;i++)s=a[i],e.source===s.contentWindow&&(s.removeAttribute("style"),"height"===t.message?(1e3<(r=parseInt(t.value,10))?r=1e3:~~r<200&&(r=200),s.height=r):"link"===t.message&&(r=new URL(s.getAttribute("src")),n=new URL(t.value),c.test(n.protocol))&&n.host===r.host&&l.activeElement===s&&(d.top.location.href=t.value))}},d.addEventListener("message",d.wp.receiveEmbedMessage,!1),l.addEventListener("DOMContentLoaded",function(){for(var e,t,s=l.querySelectorAll("iframe.wp-embedded-content"),r=0;r<s.length;r++)(t=(e=s[r]).getAttribute("data-secret"))||(t=Math.random().toString(36).substring(2,12),e.src+="#?secret="+t,e.setAttribute("data-secret",t)),e.contentWindow.postMessage({message:"ready",secret:t},"*")},!1)))}(window,document);
//# sourceURL=https://slauschek.photography/cms/wp-includes/js/wp-embed.min.js
/* ]]> */
</script>

"ArtRestart Brunn - Kreativprojekt Kunst im öffentlichen Raum" ist ein Projekt das Slauschek.Photography in Kooperation mit dem Kulturreferat der Marktgemeinde Brunn am Gebirge geplant und umgesetzt hat.Durch dieses Projekt soll ein deutlich sichtbares Zeichen für das Wiederaufleben der Kunst & Kultur gesetzt werden. Durch die Einschränkungen im Rahmen der SARS-CoV-2-Pandemie, war ja Kunst gar nicht bzw. nur extrem reduziert möglich.
