{"id":10663,"date":"2026-02-11T23:33:40","date_gmt":"2026-02-11T22:33:40","guid":{"rendered":"https:\/\/slauschek.photography\/cms\/?page_id=10663"},"modified":"2026-03-10T08:04:18","modified_gmt":"2026-03-10T07:04:18","slug":"partners-supporters","status":"publish","type":"page","link":"https:\/\/slauschek.photography\/cms\/between-breaths\/partners-supporters\/","title":{"rendered":"Between Breaths &#8211; Partners &amp; Supporters"},"content":{"rendered":"\n<p class=\"has-text-align-center\">Selected partners accompany the project and support the realization of the Between Breaths Calendar Edition.<\/p>\n\n\n\n<p class=\"has-text-align-center\"><strong><em>A shared rhythm unfolding between breaths.<br>The sequence may end \u2014 the rhythm continues.<\/em><\/strong><\/p>\n\n\n\n<div style=\"height:40px\" aria-hidden=\"true\" class=\"wp-block-spacer\"><\/div>\n\n\n\n<hr class=\"wp-block-separator has-alpha-channel-opacity\"\/>\n\n\n\n<p class=\"has-text-align-center\">Between Breaths findet seinen Ausdruck in drei Formaten: <br><a href=\"https:\/\/slauschek.photography\/cms\/between-breaths\/calendar-edition-2027\/\">Calendar Editions<\/a> \u2014 <a href=\"https:\/\/slauschek.photography\/cms\/between-breaths\/fine-art-prints\/\">Fine Art Prints<\/a> \u2014 <a href=\"https:\/\/slauschek.photography\/cms\/between-breaths\/exhibitions-events\/\">Exhibitions<\/a><\/p>\n\n\n\n<hr class=\"wp-block-separator has-alpha-channel-opacity\"\/>\n\n\n\n<div style=\"height:40px\" aria-hidden=\"true\" class=\"wp-block-spacer\"><\/div>\n\n\n\n<h5 class=\"wp-block-heading\">Partners &amp; Supporters<\/h5>\n\n\n\n<p><em>Between Breaths entsteht nicht im luftleeren Raum.<\/em><br>Das Projekt wird getragen von einem professionellen Umfeld aus langj\u00e4hrigen Partnern, technischen Wegbegleitern und Unterst\u00fctzern, die meine fotografische Arbeit \u00fcber viele Jahre begleitet haben.<br><br>Die folgenden Unternehmen stehen exemplarisch f\u00fcr Qualit\u00e4t, Verl\u00e4sslichkeit und Kontinuit\u00e4t in meinem beruflichen Umfeld.<\/p>\n\n\n\n<p>Weitere Projektpartnerschaften im Aufbau.<br>F\u00fcr Informationen zu Kooperationsm\u00f6glichkeiten <a href=\"https:\/\/slauschek.photography\/cms\/between-breaths\/anfrageformular-partner-supporter\/\" type=\"page\" id=\"11140\">kontaktieren<\/a> Sie mich gerne direkt.<\/p>\n\n\n\n<div style=\"height:40px\" aria-hidden=\"true\" class=\"wp-block-spacer\"><\/div>\n\n\n\n<div style=\"height:40px\" aria-hidden=\"true\" class=\"wp-block-spacer\"><\/div>\n\n\n\n<div class=\"wp-block-group is-layout-grid wp-container-core-group-is-layout-4d858cb8 wp-block-group-is-layout-grid\">\n<figure class=\"wp-block-image size-medium wp-container-content-e269605d wp-duotone-grayscale\"><a href=\"#supporters\"><img loading=\"lazy\" decoding=\"async\" width=\"300\" height=\"91\" src=\"https:\/\/slauschek.photography\/cms\/wp-content\/uploads\/2021\/04\/subal_logo-3D-schwarz_30cm-300ppi-300x91.png\" alt=\"\" class=\"wp-image-7010\"\/><\/a><\/figure>\n\n\n\n<figure class=\"wp-block-image size-medium wp-duotone-grayscale\" id=\"buehlmann\"><a href=\"#supporters\"><img loading=\"lazy\" decoding=\"async\" width=\"300\" height=\"77\" src=\"https:\/\/slauschek.photography\/cms\/wp-content\/uploads\/2026\/02\/Buehlmann-Logo-Teil-2-Screenshot-300x77.png\" alt=\"\" class=\"wp-image-11083\"\/><\/a><\/figure>\n\n\n\n<figure class=\"wp-block-image size-medium wp-duotone-grayscale\" id=\"waterworld\"><a href=\"#supporters\"><img loading=\"lazy\" decoding=\"async\" width=\"300\" height=\"77\" src=\"https:\/\/slauschek.photography\/cms\/wp-content\/uploads\/2021\/04\/Waterworld-Logo_2021-04-24-300x77.png\" alt=\"\" class=\"wp-image-7171\"\/><\/a><\/figure>\n\n\n\n<figure class=\"wp-block-image size-medium wp-container-content-e269605d wp-duotone-000000-000000-1\"><a href=\"#supporters\"><img loading=\"lazy\" decoding=\"async\" width=\"300\" height=\"97\" src=\"https:\/\/slauschek.photography\/cms\/wp-content\/uploads\/2026\/03\/Nikon-Logo-transparent_Web-1-300x97.png\" alt=\"\" class=\"wp-image-11543\" style=\"object-fit:cover\"\/><\/a><\/figure>\n\n\n\n<figure class=\"wp-block-image size-medium wp-container-content-e269605d wp-duotone-grayscale\" id=\"fotofairischerung\"><a href=\"#supporters\"><img loading=\"lazy\" decoding=\"async\" width=\"300\" height=\"95\" src=\"https:\/\/slauschek.photography\/cms\/wp-content\/uploads\/2021\/08\/FotoFairsicherung-Logo_2021-08-24-300x95.jpg\" alt=\"\" class=\"wp-image-8489\"\/><\/a><\/figure>\n\n\n\n<figure class=\"wp-block-image size-medium wp-duotone-grayscale\"><a href=\"#supporters\"><img loading=\"lazy\" decoding=\"async\" width=\"300\" height=\"114\" src=\"https:\/\/slauschek.photography\/cms\/wp-content\/uploads\/2026\/03\/Cyberlab_Logo_DHTFL-RGB-300x114.png\" alt=\"\" class=\"wp-image-11514\"\/><\/a><\/figure>\n\n\n\n<figure class=\"wp-block-image size-medium wp-duotone-grayscale\"><a href=\"#supporters\"><img loading=\"lazy\" decoding=\"async\" width=\"300\" height=\"100\" src=\"https:\/\/slauschek.photography\/cms\/wp-content\/uploads\/2026\/03\/Wograndl_logo_2020_new_Branding2-transparent-300x100.png\" alt=\"\" class=\"wp-image-11520\"\/><\/a><\/figure>\n\n\n\n<figure class=\"wp-block-image size-medium wp-duotone-grayscale\" id=\"foto15\"><a href=\"#supporters\"><img loading=\"lazy\" decoding=\"async\" width=\"300\" height=\"108\" src=\"https:\/\/slauschek.photography\/cms\/wp-content\/uploads\/2026\/03\/Foto15_Logo_mitZusatz_RGB-2_Web-300x108.png\" alt=\"\" class=\"wp-image-11533\" style=\"object-fit:cover\"\/><\/a><\/figure>\n<\/div>\n\n\n\n<div style=\"height:20px\" aria-hidden=\"true\" class=\"wp-block-spacer\"><\/div>\n\n\n\n<hr class=\"wp-block-separator has-alpha-channel-opacity is-style-wide\"\/>\n\n\n\n<figure id=\"supporters\" class=\"wp-block-table is-style-stripes\"><table class=\"has-fixed-layout\"><tbody><tr><td class=\"has-text-align-center\" data-align=\"center\"><strong>Project Partners<\/strong><\/td><\/tr><tr><td class=\"has-text-align-center\" data-align=\"center\"><a href=\"http:\/\/www.subal.com\/\" target=\"_blank\" rel=\"noreferrer noopener\"><img loading=\"lazy\" decoding=\"async\" width=\"300\" height=\"91\" class=\"wp-image-7010\" style=\"width: 300px;\" src=\"https:\/\/slauschek.photography\/cms\/wp-content\/uploads\/2021\/04\/subal_logo-3D-schwarz_30cm-300ppi.png\" alt=\"\"><\/a><br>Das \u00f6sterreichische Unternehmen <strong><a href=\"http:\/\/www.subal.com\/\" target=\"_blank\" rel=\"noreferrer noopener\"><kbd>SUBAL<\/kbd><\/a><\/strong> ist einer der f\u00fchrenden Hersteller von hochwertigsten Unterwassergeh\u00e4usen f\u00fcr Foto und Film weltweit.<br>Bereits in den fr\u00fchen 50-er Jahren des vorigen Jahrhunderts wurden die ersten Unterwassergeh\u00e4use konstruiert, gefertigt und vertrieben. Bis heute ist SUBAL ein Innovationsf\u00fchrer und Trendsetter geblieben. Eine Erfolgsgeschichte die ihresgleichen sucht.<\/td><\/tr><tr><td class=\"has-text-align-center\" data-align=\"center\"><a href=\"https:\/\/www.nikon.at\/de_AT\/\" target=\"_blank\" rel=\"noreferrer noopener\"><img decoding=\"async\" style=\"width: 120px;\" src=\"https:\/\/slauschek.photography\/cms\/wp-content\/uploads\/2021\/04\/Nikon_Logo_5cm_300dpi.jpg\" alt=\"\"><\/a><br><strong><a href=\"https:\/\/www.nikon.at\/de_AT\/\" target=\"_blank\" rel=\"noreferrer noopener\"><kbd>Nikon<\/kbd><\/a><\/strong> ist die erste Wahl f\u00fcr Profifotografen und Fotobegeisterte seit 1948.<br>Das umfangreiche Produktspektrum von Nikon hat Top-Produkte f\u00fcr alle Anspr\u00fcche zu bieten. <br>Nikon Kameras, Nikkor Objektive und verschiedenstes Zubeh\u00f6r, sind seit 1998 auch die bevorzugten und verl\u00e4sslichen &#8220;Begleiter&#8221; von Harald Slauschek.<br><\/td><\/tr><tr><td class=\"has-text-align-center\" data-align=\"center\"><a href=\"https:\/\/www.watchangels.ch\/en\/watches\/buhlmann-decompression-02\/\" target=\"_blank\" rel=\"noreferrer noopener\"><img loading=\"lazy\" decoding=\"async\" width=\"300\" height=\"77\" class=\"wp-image-11083\" style=\"width: 300px;\" src=\"https:\/\/slauschek.photography\/cms\/wp-content\/uploads\/2026\/02\/Buehlmann-Logo-Teil-2-Screenshot.png\" alt=\"\"><\/a><br><strong><a href=\"https:\/\/www.watchangels.ch\/en\/watches\/buhlmann-decompression-02\/\" type=\"link\" id=\"https:\/\/www.watchangels.ch\/en\/watches\/buhlmann-decompression-02\/\" target=\"_blank\" rel=\"noreferrer noopener\">B\u00fchlmann Dive Watches<\/a><\/strong> (by Watch Angels) ist eine Schweizer Uhrenfirma, die mechanische <strong>Taucheruhren<\/strong> entwickelt, welche Wissenschaft und klassische Uhrmacherkunst vereinen. Ihre Modelle \u2013 inspiriert von Prof. Albert A. B\u00fchlmanns weltbekannten <strong>Dekompressionsalgorithmen<\/strong> \u2013 integrieren diese Tauchphysik direkt in die Funktionalit\u00e4t der Uhren. Sie arbeiten eng mit <strong>DAN Europe<\/strong> zusammen, um Tauchsicherheit und Forschung zu f\u00f6rdern.<\/td><\/tr><tr><td class=\"has-text-align-center\" data-align=\"center\">&#8212;&#8212;&#8212;&#8212;&#8212;&#8212;&#8212;&#8212;&#8212;&#8212;&#8212;&#8212;&#8212;&#8212;&#8212;&#8212;-<\/td><\/tr><tr><td class=\"has-text-align-center\" data-align=\"center\"><strong>Supporting Partners<\/strong><\/td><\/tr><tr><td class=\"has-text-align-center\" data-align=\"center\"><a href=\"http:\/\/www.fotofairsicherung.de\" target=\"_blank\" rel=\"noreferrer noopener\"><img decoding=\"async\" style=\"width: 250px;\" src=\"https:\/\/slauschek.photography\/cms\/wp-content\/uploads\/2021\/08\/FotoFairsicherung-Logo_2021-08-24-300x95.jpg\" alt=\"\"><\/a><br>Die <strong><a href=\"http:\/\/www.fotofairsicherung.de\" target=\"_blank\" rel=\"noreferrer noopener\"><kbd>Fotofairsicherung<\/kbd><\/a><\/strong> ist mittlerweile der Marktf\u00fchrer im deutschsprachigen Raum in Bezug auf Fotoequipmentversicherungen und Haftpflichtversicherungen f\u00fcr Fotografen. Neben der kompetenten, spezialisierten Betreuung, einem f\u00fcr (Unterwasser-)Fotografen einzigartigen Leistungsumfang und einem tollen Preis-\/Leistungsverh\u00e4ltnis, ist bei der Fotofairsicherung auch der menschliche Faktor total passend. Man f\u00fchlt sich bei Thomas G\u00f6tz-Basten und seinem Team immer herzlich willkommen&#8230;und das nicht nur beim Vertragsabschluss.<\/td><\/tr><tr><td class=\"has-text-align-center\" data-align=\"center\"><a href=\"http:\/\/www.foto15.at\" target=\"_blank\" rel=\"noreferrer noopener\"><img loading=\"lazy\" decoding=\"async\" width=\"200\" height=\"78\" class=\"wp-image-10109\" style=\"width: 200px;\" src=\"https:\/\/slauschek.photography\/cms\/wp-content\/uploads\/2025\/05\/Foto15_Logo_mitZusatz_RGB.png\" alt=\"\"><\/a><br><strong><kbd><a href=\"http:\/\/www.foto15.at\" target=\"_blank\" rel=\"noreferrer noopener\">Foto15<\/a><\/kbd><\/strong><br>Das Fotofachgesch\u00e4ft meiner Wahl! Ans\u00e4ssig in Wien gegen\u00fcber vom Westbahnhof.<br>Hier treffen Erfahrung und Kompetenz auf Kundenorientierung und Freundlichkeit. Das Team rund um den Inhaber Anton F\u00fcrb\u00f6ck ist f\u00fcr mich ein sehr verl\u00e4sslicher Partner seit vielen Jahren!<\/td><\/tr><tr><td class=\"has-text-align-center\" data-align=\"center\"><a href=\"https:\/\/www.wograndl.com\/\" target=\"_blank\" rel=\"noreferrer noopener\"><img loading=\"lazy\" decoding=\"async\" width=\"275\" height=\"92\" class=\"wp-image-11520\" style=\"width: 275px;\" src=\"https:\/\/slauschek.photography\/cms\/wp-content\/uploads\/2026\/03\/Wograndl_logo_2020_new_Branding2-transparent.png\" alt=\"\"><\/a><br><strong><kbd><a href=\"https:\/\/www.wograndl.com\/\" target=\"_blank\" rel=\"noreferrer noopener\">Wograndl Druck<\/a><\/kbd><\/strong><br>Die Produktion der <em>Between Breaths Calendar Edition 2027<\/em> erfolgt bei Wograndl Druck.<br>Das \u00f6sterreichische Unternehmen hat sich fr\u00fch f\u00fcr die Umsetzung dieses Projekts begeistert und begleitet die hochwertige Produktion der Edition mit gro\u00dfer Sorgfalt.<\/td><\/tr><tr><td class=\"has-text-align-center\" data-align=\"center\"><a href=\"http:\/\/www.cyberlab.at\" target=\"_blank\" rel=\"noreferrer noopener\"><img loading=\"lazy\" decoding=\"async\" width=\"250\" height=\"95\" class=\"wp-image-11514\" style=\"width: 250px;\" src=\"https:\/\/slauschek.photography\/cms\/wp-content\/uploads\/2026\/03\/Cyberlab_Logo_DHTFL-RGB.png\" alt=\"\"><\/a><br><strong><kbd><a href=\"http:\/\/www.cyberlab.at\" type=\"link\" id=\"www.cyberlab.at\" target=\"_blank\" rel=\"noreferrer noopener\">Cyberlab<\/a><\/kbd><\/strong><br>Cyberlab begleitet meine fotografische Arbeit seit vielen Jahren. Zahlreiche Fine Art Prints und Ausstellungsarbeiten wurden dort bereits realisiert.<br>F\u00fcr das Projekt <em>Between Breaths<\/em> wird Cyberlab auch die zuk\u00fcnftige Produktion der Fine Art Printeditionen \u00fcbernehmen. Die Zusammenarbeit basiert auf einem gemeinsamen Anspruch an h\u00f6chste Druckqualit\u00e4t und pr\u00e4zise handwerkliche Umsetzung.<\/td><\/tr><tr><td class=\"has-text-align-center\" data-align=\"center\">&#8212;&#8212;&#8212;&#8212;&#8212;&#8212;&#8212;&#8212;&#8212;&#8212;&#8212;&#8212;&#8212;&#8212;&#8212;&#8212;-<\/td><\/tr><tr><td class=\"has-text-align-center\" data-align=\"center\"><strong>Community Partners<\/strong><\/td><\/tr><tr><td class=\"has-text-align-center\" data-align=\"center\"><a href=\"http:\/\/www.waterworld.at\/\" target=\"_blank\" rel=\"noreferrer noopener\"><img loading=\"lazy\" decoding=\"async\" width=\"300\" height=\"77\" class=\"wp-image-7171\" style=\"width: 300px;\" src=\"https:\/\/slauschek.photography\/cms\/wp-content\/uploads\/2021\/04\/Waterworld-Logo_2021-04-24.png\" alt=\"\"><\/a><br><strong><a href=\"http:\/\/www.waterworld.at\/\" target=\"_blank\" rel=\"noreferrer noopener\"><kbd>Waterworld<\/kbd><\/a><\/strong> ist &#8220;der&#8221; Anbieter (nicht nur) im deutschsprachigen Raum, wenn es um Top-Reiseziele f\u00fcr Taucher und Unterwasserfotografen geht. Die besten Tauchgebiete unseres Planeten werden regelm\u00e4\u00dfig mit den Topschiffen in der jeweiligen Region auf Basis Waterworld-Vollcharter besucht. Ein FotoPro ist fast bei jeder Reise mit an Bord, es werden durch diesen Unterwasserfotografie-Workshops angeboten sowie Tipps &amp; Tricks an Interessierte gerne weiter gegeben. <br>Und nat\u00fcrlich begleitet auch Slauschek.Photography immer wieder die eine oder andere dieser ganz besonderen Reisen.<\/td><\/tr><\/tbody><\/table><\/figure>\n\n\n\n<hr class=\"wp-block-separator has-alpha-channel-opacity is-style-wide\"\/>\n\n\n\n<p><\/p>\n","protected":false},"excerpt":{"rendered":"","protected":false},"author":2,"featured_media":10583,"parent":10622,"menu_order":0,"comment_status":"closed","ping_status":"closed","template":"","meta":{"jetpack_post_was_ever_published":false,"footnotes":""},"class_list":["post-10663","page","type-page","status-publish","has-post-thumbnail","hentry"],"yoast_head":"<!-- This site is optimized with the Yoast SEO plugin v27.4 - https:\/\/yoast.com\/product\/yoast-seo-wordpress\/ -->\n<title>Between Breaths - Partners &amp; Supporters - Slauschek.Photography<\/title>\n<meta name=\"robots\" content=\"index, follow, max-snippet:-1, max-image-preview:large, max-video-preview:-1\" \/>\n<link rel=\"canonical\" href=\"https:\/\/slauschek.photography\/cms\/between-breaths\/partners-supporters\/\" \/>\n<meta property=\"og:locale\" content=\"de_DE\" \/>\n<meta property=\"og:type\" content=\"article\" \/>\n<meta property=\"og:title\" content=\"Between Breaths - Partners &amp; Supporters - Slauschek.Photography\" \/>\n<meta property=\"og:url\" content=\"https:\/\/slauschek.photography\/cms\/between-breaths\/partners-supporters\/\" \/>\n<meta property=\"og:site_name\" content=\"Slauschek.Photography\" \/>\n<meta property=\"article:modified_time\" content=\"2026-03-10T07:04:18+00:00\" \/>\n<meta property=\"og:image\" content=\"https:\/\/slauschek.photography\/cms\/wp-content\/uploads\/2026\/01\/UW-01168-01-020-TPSSFXBSXT-2048x1366.jpg\" \/>\n\t<meta property=\"og:image:width\" content=\"2048\" \/>\n\t<meta property=\"og:image:height\" content=\"1366\" \/>\n\t<meta property=\"og:image:type\" content=\"image\/jpeg\" \/>\n<meta name=\"twitter:card\" content=\"summary_large_image\" \/>\n<meta name=\"twitter:label1\" content=\"Gesch\u00e4tzte Lesezeit\" \/>\n\t<meta name=\"twitter:data1\" content=\"7\u00a0Minuten\" \/>\n<script type=\"application\/ld+json\" class=\"yoast-schema-graph\">{\"@context\":\"https:\\\/\\\/schema.org\",\"@graph\":[{\"@type\":\"WebPage\",\"@id\":\"https:\\\/\\\/slauschek.photography\\\/cms\\\/between-breaths\\\/partners-supporters\\\/\",\"url\":\"https:\\\/\\\/slauschek.photography\\\/cms\\\/between-breaths\\\/partners-supporters\\\/\",\"name\":\"Between Breaths - Partners &amp; Supporters - Slauschek.Photography\",\"isPartOf\":{\"@id\":\"https:\\\/\\\/slauschek.photography\\\/cms\\\/#website\"},\"primaryImageOfPage\":{\"@id\":\"https:\\\/\\\/slauschek.photography\\\/cms\\\/between-breaths\\\/partners-supporters\\\/#primaryimage\"},\"image\":{\"@id\":\"https:\\\/\\\/slauschek.photography\\\/cms\\\/between-breaths\\\/partners-supporters\\\/#primaryimage\"},\"thumbnailUrl\":\"https:\\\/\\\/slauschek.photography\\\/cms\\\/wp-content\\\/uploads\\\/2026\\\/01\\\/UW-01168-01-020-TPSSFXBSXT.jpg\",\"datePublished\":\"2026-02-11T22:33:40+00:00\",\"dateModified\":\"2026-03-10T07:04:18+00:00\",\"breadcrumb\":{\"@id\":\"https:\\\/\\\/slauschek.photography\\\/cms\\\/between-breaths\\\/partners-supporters\\\/#breadcrumb\"},\"inLanguage\":\"de\",\"potentialAction\":[{\"@type\":\"ReadAction\",\"target\":[\"https:\\\/\\\/slauschek.photography\\\/cms\\\/between-breaths\\\/partners-supporters\\\/\"]}]},{\"@type\":\"ImageObject\",\"inLanguage\":\"de\",\"@id\":\"https:\\\/\\\/slauschek.photography\\\/cms\\\/between-breaths\\\/partners-supporters\\\/#primaryimage\",\"url\":\"https:\\\/\\\/slauschek.photography\\\/cms\\\/wp-content\\\/uploads\\\/2026\\\/01\\\/UW-01168-01-020-TPSSFXBSXT.jpg\",\"contentUrl\":\"https:\\\/\\\/slauschek.photography\\\/cms\\\/wp-content\\\/uploads\\\/2026\\\/01\\\/UW-01168-01-020-TPSSFXBSXT.jpg\",\"width\":2500,\"height\":1667},{\"@type\":\"BreadcrumbList\",\"@id\":\"https:\\\/\\\/slauschek.photography\\\/cms\\\/between-breaths\\\/partners-supporters\\\/#breadcrumb\",\"itemListElement\":[{\"@type\":\"ListItem\",\"position\":1,\"name\":\"Startseite\",\"item\":\"https:\\\/\\\/slauschek.photography\\\/cms\\\/\"},{\"@type\":\"ListItem\",\"position\":2,\"name\":\"Between Breaths\",\"item\":\"https:\\\/\\\/slauschek.photography\\\/cms\\\/between-breaths\\\/\"},{\"@type\":\"ListItem\",\"position\":3,\"name\":\"Between Breaths &#8211; Partners &amp; Supporters\"}]},{\"@type\":\"WebSite\",\"@id\":\"https:\\\/\\\/slauschek.photography\\\/cms\\\/#website\",\"url\":\"https:\\\/\\\/slauschek.photography\\\/cms\\\/\",\"name\":\"Slauschek.Photography\",\"description\":\"Passion meets profession!\",\"potentialAction\":[{\"@type\":\"SearchAction\",\"target\":{\"@type\":\"EntryPoint\",\"urlTemplate\":\"https:\\\/\\\/slauschek.photography\\\/cms\\\/?s={search_term_string}\"},\"query-input\":{\"@type\":\"PropertyValueSpecification\",\"valueRequired\":true,\"valueName\":\"search_term_string\"}}],\"inLanguage\":\"de\"}]}<\/script>\n<!-- \/ Yoast SEO plugin. -->","yoast_head_json":{"title":"Between Breaths - Partners &amp; Supporters - Slauschek.Photography","robots":{"index":"index","follow":"follow","max-snippet":"max-snippet:-1","max-image-preview":"max-image-preview:large","max-video-preview":"max-video-preview:-1"},"canonical":"https:\/\/slauschek.photography\/cms\/between-breaths\/partners-supporters\/","og_locale":"de_DE","og_type":"article","og_title":"Between Breaths - Partners &amp; Supporters - Slauschek.Photography","og_url":"https:\/\/slauschek.photography\/cms\/between-breaths\/partners-supporters\/","og_site_name":"Slauschek.Photography","article_modified_time":"2026-03-10T07:04:18+00:00","og_image":[{"width":2048,"height":1366,"url":"https:\/\/slauschek.photography\/cms\/wp-content\/uploads\/2026\/01\/UW-01168-01-020-TPSSFXBSXT-2048x1366.jpg","type":"image\/jpeg"}],"twitter_card":"summary_large_image","twitter_misc":{"Gesch\u00e4tzte Lesezeit":"7\u00a0Minuten"},"schema":{"@context":"https:\/\/schema.org","@graph":[{"@type":"WebPage","@id":"https:\/\/slauschek.photography\/cms\/between-breaths\/partners-supporters\/","url":"https:\/\/slauschek.photography\/cms\/between-breaths\/partners-supporters\/","name":"Between Breaths - Partners &amp; Supporters - Slauschek.Photography","isPartOf":{"@id":"https:\/\/slauschek.photography\/cms\/#website"},"primaryImageOfPage":{"@id":"https:\/\/slauschek.photography\/cms\/between-breaths\/partners-supporters\/#primaryimage"},"image":{"@id":"https:\/\/slauschek.photography\/cms\/between-breaths\/partners-supporters\/#primaryimage"},"thumbnailUrl":"https:\/\/slauschek.photography\/cms\/wp-content\/uploads\/2026\/01\/UW-01168-01-020-TPSSFXBSXT.jpg","datePublished":"2026-02-11T22:33:40+00:00","dateModified":"2026-03-10T07:04:18+00:00","breadcrumb":{"@id":"https:\/\/slauschek.photography\/cms\/between-breaths\/partners-supporters\/#breadcrumb"},"inLanguage":"de","potentialAction":[{"@type":"ReadAction","target":["https:\/\/slauschek.photography\/cms\/between-breaths\/partners-supporters\/"]}]},{"@type":"ImageObject","inLanguage":"de","@id":"https:\/\/slauschek.photography\/cms\/between-breaths\/partners-supporters\/#primaryimage","url":"https:\/\/slauschek.photography\/cms\/wp-content\/uploads\/2026\/01\/UW-01168-01-020-TPSSFXBSXT.jpg","contentUrl":"https:\/\/slauschek.photography\/cms\/wp-content\/uploads\/2026\/01\/UW-01168-01-020-TPSSFXBSXT.jpg","width":2500,"height":1667},{"@type":"BreadcrumbList","@id":"https:\/\/slauschek.photography\/cms\/between-breaths\/partners-supporters\/#breadcrumb","itemListElement":[{"@type":"ListItem","position":1,"name":"Startseite","item":"https:\/\/slauschek.photography\/cms\/"},{"@type":"ListItem","position":2,"name":"Between Breaths","item":"https:\/\/slauschek.photography\/cms\/between-breaths\/"},{"@type":"ListItem","position":3,"name":"Between Breaths &#8211; Partners &amp; Supporters"}]},{"@type":"WebSite","@id":"https:\/\/slauschek.photography\/cms\/#website","url":"https:\/\/slauschek.photography\/cms\/","name":"Slauschek.Photography","description":"Passion meets profession!","potentialAction":[{"@type":"SearchAction","target":{"@type":"EntryPoint","urlTemplate":"https:\/\/slauschek.photography\/cms\/?s={search_term_string}"},"query-input":{"@type":"PropertyValueSpecification","valueRequired":true,"valueName":"search_term_string"}}],"inLanguage":"de"}]}},"jetpack_sharing_enabled":true,"_links":{"self":[{"href":"https:\/\/slauschek.photography\/cms\/wp-json\/wp\/v2\/pages\/10663","targetHints":{"allow":["GET"]}}],"collection":[{"href":"https:\/\/slauschek.photography\/cms\/wp-json\/wp\/v2\/pages"}],"about":[{"href":"https:\/\/slauschek.photography\/cms\/wp-json\/wp\/v2\/types\/page"}],"author":[{"embeddable":true,"href":"https:\/\/slauschek.photography\/cms\/wp-json\/wp\/v2\/users\/2"}],"replies":[{"embeddable":true,"href":"https:\/\/slauschek.photography\/cms\/wp-json\/wp\/v2\/comments?post=10663"}],"version-history":[{"count":67,"href":"https:\/\/slauschek.photography\/cms\/wp-json\/wp\/v2\/pages\/10663\/revisions"}],"predecessor-version":[{"id":11562,"href":"https:\/\/slauschek.photography\/cms\/wp-json\/wp\/v2\/pages\/10663\/revisions\/11562"}],"up":[{"embeddable":true,"href":"https:\/\/slauschek.photography\/cms\/wp-json\/wp\/v2\/pages\/10622"}],"wp:featuredmedia":[{"embeddable":true,"href":"https:\/\/slauschek.photography\/cms\/wp-json\/wp\/v2\/media\/10583"}],"wp:attachment":[{"href":"https:\/\/slauschek.photography\/cms\/wp-json\/wp\/v2\/media?parent=10663"}],"curies":[{"name":"wp","href":"https:\/\/api.w.org\/{rel}","templated":true}]}}